se -18 = -g*c - 2. What is the greatest common divisor of c and 8?
8
Let c be 94/6 - (-6)/(-9). Let t = 59 - -61. Calculate the highest common divisor of t and c.
15
Let b(j) = 2*j**2 + 4*j - 4. Let v be b(-4). What is the greatest common divisor of 60 and v?
12
Let g = 35 + 45. What is the greatest common factor of g and 32?
16
Let y(p) = -p**3 - 11*p**2 + 13*p + 17. Let l be y(-12). What is the highest common divisor of 25 and l?
5
Let j(v) = v**3 - 6*v**2 - 4*v + 7. Suppose 0 = -4*c + 5*f + 43, 2*f + 17 + 3 = 2*c. Let o be j(c). What is the greatest common divisor of o and 7?
7
Let k(i) = 11*i - 10. Let m be k(8). Let h(t) = -4*t**2 + 7*t + 2. Let y be h(5). Let b = y - -89. Calculate the highest common factor of m and b.
26
Let z = -10 + 13. Let i be (-10)/2*2/5. Let t = 13 - i. What is the highest common divisor of z and t?
3
Suppose -5*g + n + 37 = -0*g, g - 1 = -3*n. Let j(l) = 5*l - 6. Let h be j(4). What is the highest common factor of g and h?
7
Let m(c) = 3*c**2 + 2*c - 2. Let k be m(-2). Calculate the highest common factor of 42 and k.
6
Let l(g) = g**3 + 2*g**2 + g - 1. Let i be l(-2). Let r(b) = b**2 + 2*b + 4. Let u be r(i). Let p = u - -5. What is the highest common divisor of p and 108?
12
Let q be (-380)/(-7) + 14/(-49). What is the highest common divisor of q and 18?
18
Let d be ((-30)/(-35))/((-1)/(-203)). Suppose v = -5*a + 56 + 19, -3*v + 2*a + d = 0. What is the greatest common factor of v and 24?
12
Let b(a) = -a**3 - 4*a**2 - 2*a + 4. Let y be b(-6). What is the greatest common factor of y and 8?
8
Let t = 8 + -5. Let z be (t/(-9))/(1/(-3)). Let i be (-167)/(-3) - z/(-3). What is the highest common factor of 14 and i?
14
Suppose -5*z = -13*z + 168. What is the greatest common divisor of 231 and z?
21
Suppose -5*f + 10 = 2*q, -2*f - f - 2*q + 2 = 0. Calculate the greatest common factor of 36 and f.
4
Let k = 192 + -93. What is the greatest common divisor of 11 and k?
11
Suppose 0 = -3*m - m + 28. Let g(z) = -z**2 + 4*z - 3. Let v be g(3). Suppose 10 = 2*l, l = -v*a - a + 33. Calculate the highest common divisor of a and m.
7
Let h(c) = 9*c**2 + 1. Let t be h(-1). Suppose 0 = 2*s - 3 - 27. What is the highest common factor of s and t?
5
Let m = 771 + -1234. Let f = 301 + m. Let o be f/(-10) - (-1)/(-5). What is the highest common factor of o and 32?
16
Suppose 0 = 2*t - 6*t - 20. Let q be ((-10)/t)/(2/21). Let i = -2 - -5. Calculate the highest common divisor of i and q.
3
Let g = 23 - 15. Calculate the greatest common divisor of g and 32.
8
Let d = 11 - -14. Suppose -t = -3*t + 550. Calculate the highest common factor of d and t.
25
Let y(d) = d**3 + d**2 - 4*d + 3. Let a be y(3). Suppose -4*s + 16 = -2*s + 4*c, a = 3*s + 5*c. What is the greatest common divisor of 70 and s?
14
Let f(q) = -q**3 - 9*q**2 - 2*q - 9. Let s be f(-9). What is the highest common divisor of 9 and s?
9
Let v = 5 + -5. Suppose v*b + 3*b - 264 = 0. What is the highest common factor of b and 11?
11
Suppose 9 = -2*b - 1. Let k = 2 + b. Let a be (-14)/(-3)*k/(-2). What is the highest common factor of a and 1?
1
Suppose 5*i - 3*t - 162 = 0, 2*i + 5*t = 20 + 20. Calculate the greatest common factor of i and 60.
30
Suppose u = -9*u + 2970. Calculate the highest common factor of u and 27.
27
Suppose -4*r + 30 + 5 = t, 2*t = -3*r + 30. Suppose -y = -5*o + 71, -4*y - 10 - r = -o. Calculate the highest common factor of 70 and o.
14
Let c(o) = 2*o. Let m be c(8). Calculate the highest common factor of m and 16.
16
Suppose 6*o - 24 = 4*o. Let k = -225 - -371. Let g = k - 62. What is the highest common factor of o and g?
12
Let n be ((-60)/8)/((-6)/8). Suppose -4*x + 6 = -n. Calculate the greatest common divisor of 4 and x.
4
Let p(r) = 20*r. Let c be ((-1)/(3/12))/(-4). Let g be p(c). What is the greatest common divisor of 50 and g?
10
Let y(s) = 81*s**3 - s. Let p be y(1). Let t(g) = -1 - 3*g + 2*g**2 - g + 5*g. Let b be t(3). Calculate the greatest common divisor of b and p.
20
Let q = -8 - -38. Calculate the highest common divisor of 6 and q.
6
Let f be (-16 + -2)*2/(-4). Calculate the greatest common factor of 3 and f.
3
Let v(g) = -g**2 - 9*g - 9. Let z be v(-6). Let j be (z*-1)/((-3)/8). Calculate the greatest common divisor of 36 and j.
12
Suppose 5*o + 0*o = -2*a + 100, -3*a + 5*o = -150. Suppose -n = 4*c - a, c - 4*n - 20 - 1 = 0. Let w = 124 - 72. What is the greatest common factor of w and c?
13
Let d(c) = -c - 1. Let a(b) = -2*b**2 - 2*b + 3. Let j(u) = -a(u) + d(u). Let h be j(-2). Calculate the greatest common divisor of h and 14.
2
Suppose 4*a - 165 - 159 = 0. What is the greatest common factor of 27 and a?
27
Let m be (-36)/((-1)/(-2)*2/(-1)). What is the greatest common divisor of m and 4?
4
Let t(o) = o**3 - 5*o**2 - 5*o. Let p be t(6). Suppose -2*b + 4 = -0. Suppose -v + 0 + 9 = -3*g, b*v - 4*g = 16. Calculate the highest common factor of p and v.
6
Let g = -8 + 7. Let t be (104/(-4) - g)*-1. What is the highest common factor of t and 200?
25
Suppose 237 + 147 = 4*m - 3*z, 0 = m - z - 95. What is the greatest common divisor of m and 11?
11
Let x(d) be the first derivative of -17*d**2/2 + 2*d + 2. Let m = -3 + 1. Let l be x(m). Calculate the highest common factor of l and 18.
18
Let t(u) = 4*u**2 - 4*u + 2. Let f = 6 + -4. Suppose y + 2 = v - f*y, -2*y + 4 = 2*v. Let n be t(v). Calculate the highest common divisor of n and 30.
10
Let q be (23/(-4))/((-2)/(-8)). Let z = -19 - q. Calculate the highest common divisor of 16 and z.
4
Suppose 5*s = 9 + 1. What is the highest common factor of s and 2?
2
Let j = -90 - -98. Let k(a) = a**2 + 3*a. Let x be k(-4). What is the highest common factor of j and x?
4
Suppose -16 = -3*p + n, 0 = 3*p - p + 5*n + 12. Calculate the highest common factor of 4 and p.
4
Let s = 14 - -1. Calculate the highest common divisor of 135 and s.
15
Suppose -2*s + 38 = 8. Let n(v) = 8*v - 3. Let c be n(2). Let u = 23 - c. Calculate the greatest common divisor of u and s.
5
Let j(i) = i**2 + 7*i + 4. Let v be j(-8). What is the greatest common divisor of v and 12?
12
Suppose -4*o = o. Let z be (-5 - o)/(3 + -2). Let r be (68/z)/(3/(-15)). Calculate the greatest common divisor of 17 and r.
17
Suppose -4*q - v + 20 = 0, 5*v - 19 - 5 = -q. Suppose 0 = -3*r - r + q*f + 112, 0 = 2*f + 6. What is the greatest common divisor of r and 5?
5
Suppose -3*b - 26 = -2*w, 0*b + 5*b = 0. Let n(j) = -j**3 - 20*j**2 + 20*j + 31. Let l be n(-21). Calculate the greatest common divisor of l and w.
13
Let v be -1 + 2 + (2 - 41). Let d = -24 - v. Calculate the highest common divisor of 35 and d.
7
Suppose -m + 0*m = -4. Suppose -m*u + 255 = u. Calculate the highest common divisor of u and 17.
17
Let v(i) = 2*i**3 + 1. Let m be v(1). Suppose -5*s + 2*s = 3*x - 18, -21 = -m*s - 2*x. Calculate the greatest common divisor of 9 and s.
9
Let g(t) = t**3 - 2*t**2 - t - 4. Let k be g(4). Suppose 5*s - s = k. Calculate the highest common factor of s and 66.
6
Suppose -5*f + 1980 = -0*f. Let u = -220 + f. What is the highest common divisor of 22 and u?
22
Suppose 0*v + 2*v = -10. Let i = v + 5. Let f = 6 - i. Calculate the greatest common factor of 6 and f.
6
Suppose 4*z + 56 = 2*y, y + 3*z = 5*y - 92. What is the greatest common divisor of y and 160?
20
Let y(p) = p**3 - 6*p**2 + 3. Let f be y(6). What is the highest common factor of f and 15?
3
Suppose 0*v = v - 5. Suppose v*z - z - 20 = 0. Suppose 128 = 5*m - g + 4*g, -5*m + 130 = 5*g. What is the greatest common factor of z and m?
5
Suppose -202 = -3*k + 2*t, -3*t = 3*k - 113 - 79. Calculate the highest common factor of k and 6.
6
Let c(t) be the first derivative of 15*t**2 - 4. Let u be c(1). Calculate the greatest common divisor of u and 10.
10
Suppose -5*h + 165 = 5*g, -3*h = -2*g + h + 78. Calculate the highest common factor of 5 and g.
5
Suppose l - 4 = -0*v + 5*v, 2*l = -v + 30. What is the highest common divisor of 70 and l?
14
Suppose 0*x = -2*x + 242. Calculate the greatest common factor of 11 and x.
11
Let o(i) = 14*i - 4. Let r(b) = -5*b + 1. Let u(y) = -2*o(y) - 7*r(y). Let l be u(2). What is the highest common factor of l and 120?
15
Let b be (-82)/(-14) + 9/63. Suppose 0*c - 192 = -b*c. Suppose p = -2*p + 24. Calculate the greatest common divisor of c and p.
8
Let l(g) = 3*g**2 - 4*g.